[INFO] cloning repository https://github.com/FomalhautGH/snow-simulator
[INFO] running `Command { std: "git" "-c" "credential.helper=" "-c" "credential.helper=/workspace/cargo-home/bin/git-credential-null" "clone" "--bare" "https://github.com/FomalhautGH/snow-simulator" "/workspace/cache/git-repos/https%3A%2F%2Fgithub.com%2FFomalhautGH%2Fsnow-simulator", kill_on_drop: false }`
[INFO] [stderr] Cloning into bare repository '/workspace/cache/git-repos/https%3A%2F%2Fgithub.com%2FFomalhautGH%2Fsnow-simulator'...
[INFO] running `Command { std: "git" "rev-parse" "HEAD", kill_on_drop: false }`
[INFO] [stdout] 180ebc3876940810666a95f3a62061218a81b5dc
[INFO] checking FomalhautGH/snow-simulator against master#e6e4f7ed1589e03bc2f6c5931c1a72e7947e8682 for beta-170-4
[INFO] running `Command { std: "git" "clone" "/workspace/cache/git-repos/https%3A%2F%2Fgithub.com%2FFomalhautGH%2Fsnow-simulator" "/workspace/builds/worker-4-tc2/source", kill_on_drop: false }`
[INFO] [stderr] Cloning into '/workspace/builds/worker-4-tc2/source'...
[INFO] [stderr] done.
[INFO] validating manifest of git repo https://github.com/FomalhautGH/snow-simulator on toolchain e6e4f7ed1589e03bc2f6c5931c1a72e7947e8682
[INFO] running `Command { std: CARGO_HOME="/workspace/cargo-home" RUSTUP_HOME="/workspace/rustup-home" "/workspace/cargo-home/bin/cargo" "+e6e4f7ed1589e03bc2f6c5931c1a72e7947e8682" "metadata" "--manifest-path" "Cargo.toml" "--no-deps", kill_on_drop: false }`
[INFO] started tweaking git repo https://github.com/FomalhautGH/snow-simulator
[INFO] finished tweaking git repo https://github.com/FomalhautGH/snow-simulator
[INFO] tweaked toml for git repo https://github.com/FomalhautGH/snow-simulator written to /workspace/builds/worker-4-tc2/source/Cargo.toml
[INFO] crate git repo https://github.com/FomalhautGH/snow-simulator already has a lockfile, it will not be regenerated
[INFO] running `Command { std: CARGO_HOME="/workspace/cargo-home" RUSTUP_HOME="/workspace/rustup-home" "/workspace/cargo-home/bin/cargo" "+e6e4f7ed1589e03bc2f6c5931c1a72e7947e8682" "fetch" "--manifest-path" "Cargo.toml", kill_on_drop: false }`
[INFO] running `Command { std: "docker" "create" "-v" "/var/lib/crater-agent-workspace/builds/worker-4-tc2/target:/opt/rustwide/target:rw,Z" "-v" "/var/lib/crater-agent-workspace/builds/worker-4-tc2/source:/opt/rustwide/workdir:ro,Z" "-v" "/var/lib/crater-agent-workspace/cargo-home:/opt/rustwide/cargo-home:ro,Z" "-v" "/var/lib/crater-agent-workspace/rustup-home:/opt/rustwide/rustup-home:ro,Z" "-e" "SOURCE_DIR=/opt/rustwide/workdir" "-e" "CARGO_TARGET_DIR=/opt/rustwide/target" "-e" "CARGO_HOME=/opt/rustwide/cargo-home" "-e" "RUSTUP_HOME=/opt/rustwide/rustup-home" "-w" "/opt/rustwide/workdir" "-m" "1610612736" "--user" "0:0" "--network" "none" "ghcr.io/rust-lang/crates-build-env/linux@sha256:19e73879b68f455e41552ea35293514db52ea292d993f571636dbffedb77a1ee" "/opt/rustwide/cargo-home/bin/cargo" "+e6e4f7ed1589e03bc2f6c5931c1a72e7947e8682" "metadata" "--no-deps" "--format-version=1", kill_on_drop: false }`
[INFO] [stdout] d52160e027aaee97f8e8bd55a0548fef7477dc328e4d2de8d229e7b234060a19
[INFO] running `Command { std: "docker" "start" "-a" "d52160e027aaee97f8e8bd55a0548fef7477dc328e4d2de8d229e7b234060a19", kill_on_drop: false }`
[INFO] running `Command { std: "docker" "inspect" "d52160e027aaee97f8e8bd55a0548fef7477dc328e4d2de8d229e7b234060a19", kill_on_drop: false }`
[INFO] running `Command { std: "docker" "rm" "-f" "d52160e027aaee97f8e8bd55a0548fef7477dc328e4d2de8d229e7b234060a19", kill_on_drop: false }`
[INFO] [stdout] d52160e027aaee97f8e8bd55a0548fef7477dc328e4d2de8d229e7b234060a19
[INFO] running `Command { std: "docker" "create" "-v" "/var/lib/crater-agent-workspace/builds/worker-4-tc2/target:/opt/rustwide/target:rw,Z" "-v" "/var/lib/crater-agent-workspace/builds/worker-4-tc2/source:/opt/rustwide/workdir:ro,Z" "-v" "/var/lib/crater-agent-workspace/cargo-home:/opt/rustwide/cargo-home:ro,Z" "-v" "/var/lib/crater-agent-workspace/rustup-home:/opt/rustwide/rustup-home:ro,Z" "-e" "SOURCE_DIR=/opt/rustwide/workdir" "-e" "CARGO_TARGET_DIR=/opt/rustwide/target" "-e" "CARGO_INCREMENTAL=0" "-e" "RUST_BACKTRACE=full" "-e" "RUSTFLAGS=--cap-lints=forbid" "-e" "RUSTDOCFLAGS=--cap-lints=forbid" "-e" "CARGO_HOME=/opt/rustwide/cargo-home" "-e" "RUSTUP_HOME=/opt/rustwide/rustup-home" "-w" "/opt/rustwide/workdir" "-m" "1610612736" "--user" "0:0" "--network" "none" "ghcr.io/rust-lang/crates-build-env/linux@sha256:19e73879b68f455e41552ea35293514db52ea292d993f571636dbffedb77a1ee" "/opt/rustwide/cargo-home/bin/cargo" "+e6e4f7ed1589e03bc2f6c5931c1a72e7947e8682" "check" "--frozen" "--all" "--all-targets" "--message-format=json", kill_on_drop: false }`
[INFO] [stdout] b3fca224de6bd411247635c3bbf64f7262f310b246be2064c6a7ff69bc992172
[INFO] running `Command { std: "docker" "start" "-a" "b3fca224de6bd411247635c3bbf64f7262f310b246be2064c6a7ff69bc992172", kill_on_drop: false }`
[INFO] [stderr]    Compiling proc-macro2 v1.0.43
[INFO] [stderr]    Compiling unicode-ident v1.0.3
[INFO] [stderr]    Compiling quote v1.0.21
[INFO] [stderr]    Compiling syn v1.0.99
[INFO] [stderr]    Compiling autocfg v1.1.0
[INFO] [stderr]    Compiling libc v0.2.132
[INFO] [stderr]    Compiling serde_derive v1.0.144
[INFO] [stderr]    Compiling serde v1.0.144
[INFO] [stderr]     Checking once_cell v1.13.1
[INFO] [stderr]    Compiling version_check v0.9.4
[INFO] [stderr]    Compiling libm v0.2.5
[INFO] [stderr]    Compiling parking_lot_core v0.9.3
[INFO] [stderr]    Compiling memchr v2.5.0
[INFO] [stderr]     Checking instant v0.1.12
[INFO] [stderr]     Checking pin-project-lite v0.2.9
[INFO] [stderr]    Compiling futures-core v0.3.23
[INFO] [stderr]    Compiling log v0.4.17
[INFO] [stderr]     Checking tracing-core v0.1.29
[INFO] [stderr]    Compiling ahash v0.7.6
[INFO] [stderr]     Checking fixedbitset v0.4.2
[INFO] [stderr]    Compiling lock_api v0.4.7
[INFO] [stderr]    Compiling num-traits v0.2.15
[INFO] [stderr]    Compiling slab v0.4.7
[INFO] [stderr]     Checking cache-padded v1.2.0
[INFO] [stderr]    Compiling erased-serde v0.3.23
[INFO] [stderr]     Checking concurrent-queue v1.2.4
[INFO] [stderr]     Checking futures-io v0.3.23
[INFO] [stderr]     Checking tracing v0.1.36
[INFO] [stderr]     Checking fastrand v1.8.0
[INFO] [stderr]     Checking async-task v4.3.0
[INFO] [stderr]     Checking event-listener v2.5.3
[INFO] [stderr]     Checking thread_local v1.1.4
[INFO] [stderr]     Checking bevy_ptr v0.8.1
[INFO] [stderr]    Compiling crossbeam-utils v0.8.11
[INFO] [stderr]     Checking async-channel v1.7.1
[INFO] [stderr]    Compiling num-integer v0.1.45
[INFO] [stderr]    Compiling pkg-config v0.3.25
[INFO] [stderr]     Checking regex-syntax v0.6.27
[INFO] [stderr]    Compiling indexmap v1.9.1
[INFO] [stderr]     Checking cty v0.2.2
[INFO] [stderr]    Compiling crc32fast v1.3.2
[INFO] [stderr]     Checking raw-window-handle v0.4.3
[INFO] [stderr]     Checking futures-lite v1.12.0
[INFO] [stderr]     Checking aho-corasick v0.7.18
[INFO] [stderr]     Checking sharded-slab v0.1.4
[INFO] [stderr]     Checking tracing-log v0.1.3
[INFO] [stderr]    Compiling num-rational v0.4.1
[INFO] [stderr]    Compiling memoffset v0.6.5
[INFO] [stderr]     Checking rustc-hash v1.1.0
[INFO] [stderr]     Checking bit-vec v0.6.3
[INFO] [stderr]     Checking arrayvec v0.7.2
[INFO] [stderr]     Checking crossbeam-channel v0.5.6
[INFO] [stderr]    Compiling getrandom v0.2.7
[INFO] [stderr]     Checking libloading v0.7.3
[INFO] [stderr]    Compiling anyhow v1.0.62
[INFO] [stderr]    Compiling ash v0.37.0+1.3.209
[INFO] [stderr]     Checking unicode-xid v0.2.3
[INFO] [stderr]    Compiling uuid v1.1.2
[INFO] [stderr]     Checking termcolor v1.1.3
[INFO] [stderr]    Compiling khronos-egl v4.1.0
[INFO] [stderr]     Checking pp-rs v0.2.1
[INFO] [stderr]     Checking bit-set v0.5.3
[INFO] [stderr]     Checking gpu-descriptor-types v0.1.1
[INFO] [stderr]     Checking gpu-alloc-types v0.2.0
[INFO] [stderr]     Checking hexf-parse v0.2.1
[INFO] [stderr]    Compiling wgpu-core v0.13.2
[INFO] [stderr]     Checking wgpu-types v0.13.2
[INFO] [stderr]     Checking async-executor v1.4.1
[INFO] [stderr]     Checking codespan-reporting v0.11.1
[INFO] [stderr]     Checking gpu-alloc v0.5.3
[INFO] [stderr]     Checking glow v0.11.2
[INFO] [stderr]     Checking inplace_it v0.3.4
[INFO] [stderr]     Checking profiling v1.0.6
[INFO] [stderr]     Checking renderdoc-sys v0.7.1
[INFO] [stderr]     Checking miniz_oxide v0.5.3
[INFO] [stderr]     Checking deflate v1.0.0
[INFO] [stderr]     Checking const_panic v0.2.4
[INFO] [stderr]     Checking num_cpus v1.13.1
[INFO] [stderr]     Checking mio v0.8.4
[INFO] [stderr]     Checking inotify-sys v0.1.5
[INFO] [stderr]     Checking filetime v0.2.17
[INFO] [stderr]     Checking bevy_tasks v0.8.1
[INFO] [stderr]     Checking spirv v0.2.0+1.5.4
[INFO] [stderr]     Checking inotify v0.9.6
[INFO] [stderr]     Checking approx v0.5.1
[INFO] [stderr]     Checking tinyvec v1.6.0
[INFO] [stderr]    Compiling typenum v1.15.0
[INFO] [stderr]     Checking png v0.17.5
[INFO] [stderr]     Checking ttf-parser v0.15.2
[INFO] [stderr]    Compiling alsa-sys v0.3.1
[INFO] [stderr]     Checking notify v5.0.0-pre.15
[INFO] [stderr]     Checking radsort v0.1.0
[INFO] [stderr]     Checking ab_glyph_rasterizer v0.1.5
[INFO] [stderr]    Compiling libudev-sys v0.1.4
[INFO] [stderr]    Compiling serde_json v1.0.85
[INFO] [stderr]     Checking nix v0.23.1
[INFO] [stderr]     Checking euclid v0.22.7
[INFO] [stderr]    Compiling x11-dl v2.20.0
[INFO] [stderr]     Checking itoa v1.0.3
[INFO] [stderr]    Compiling cpal v0.13.5
[INFO] [stderr]     Checking ryu v1.0.11
[INFO] [stderr]     Checking nix v0.24.2
[INFO] [stderr]     Checking rectangle-pack v0.4.2
[INFO] [stderr]    Compiling winit v0.26.1
[INFO] [stderr]     Checking hash32 v0.2.1
[INFO] [stderr]     Checking lewton v0.10.2
[INFO] [stderr]    Compiling crossbeam-epoch v0.9.10
[INFO] [stderr]     Checking regex-automata v0.1.10
[INFO] [stderr]     Checking regex v1.6.0
[INFO] [stderr]    Compiling num-rational v0.3.2
[INFO] [stderr]    Compiling num-iter v0.1.43
[INFO] [stderr]     Checking unicode-normalization v0.1.21
[INFO] [stderr]     Checking num-complex v0.4.2
[INFO] [stderr]     Checking guillotiere v0.6.2
[INFO] [stderr]     Checking unicode-bidi v0.3.8
[INFO] [stderr]    Compiling paste v1.0.8
[INFO] [stderr]    Compiling crossbeam-queue v0.3.6
[INFO] [stderr]     Checking matrixmultiply v0.3.2
[INFO] [stderr]     Checking png v0.16.8
[INFO] [stderr]     Checking matchers v0.1.0
[INFO] [stderr]    Compiling encase_derive_impl v0.3.0
[INFO] [stderr]     Checking gethostname v0.2.3
[INFO] [stderr]     Checking nix v0.22.3
[INFO] [stderr]     Checking robust v0.2.3
[INFO] [stderr]     Checking optional v0.5.0
[INFO] [stderr]     Checking nohash-hasher v0.2.0
[INFO] [stderr]     Checking owned_ttf_parser v0.15.1
[INFO] [stderr]     Checking either v1.8.0
[INFO] [stderr]     Checking rand_core v0.6.3
[INFO] [stderr]     Checking crossbeam-deque v0.8.2
[INFO] [stderr]     Checking ab_glyph v0.2.16
[INFO] [stderr]     Checking ppv-lite86 v0.2.16
[INFO] [stderr]    Compiling toml v0.5.9
[INFO] [stderr]     Checking pretty-type-name v1.0.0
[INFO] [stderr]     Checking idna v0.2.3
[INFO] [stderr]     Checking crossbeam v0.8.2
[INFO] [stderr]     Checking glyph_brush_layout v0.2.3
[INFO] [stderr]     Checking rand_chacha v0.3.1
[INFO] [stderr]     Checking rand v0.8.5
[INFO] [stderr]    Compiling bytemuck_derive v1.2.1
[INFO] [stderr]    Compiling thiserror-impl v1.0.32
[INFO] [stderr]    Compiling encase_derive v0.3.0
[INFO] [stderr]    Compiling gltf-derive v1.0.0
[INFO] [stderr]    Compiling hash32-derive v0.1.1
[INFO] [stderr]    Compiling nalgebra-macros v0.1.0
[INFO] [stderr]    Compiling num-derive v0.3.3
[INFO] [stderr]    Compiling bevy-inspector-egui-derive v0.12.0
[INFO] [stderr]     Checking url v2.2.2
[INFO] [stderr]    Compiling bevy_macro_utils v0.8.1
[INFO] [stderr]     Checking webbrowser v0.7.1
[INFO] [stderr]     Checking taffy v0.1.0
[INFO] [stderr]    Compiling bevy_reflect_derive v0.8.1
[INFO] [stderr]    Compiling bevy_ecs_macros v0.8.1
[INFO] [stderr]    Compiling bevy_derive v0.8.1
[INFO] [stderr]    Compiling bevy_render_macros v0.8.1
[INFO] [stderr]    Compiling bevy_encase_derive v0.8.1
[INFO] [stderr]     Checking alsa v0.6.0
[INFO] [stderr]     Checking bytemuck v1.12.1
[INFO] [stderr]     Checking thiserror v1.0.32
[INFO] [stderr]     Checking image v0.24.3
[INFO] [stderr]     Checking safe_arch v0.6.0
[INFO] [stderr]     Checking emath v0.18.0
[INFO] [stderr]     Checking image v0.23.14
[INFO] [stderr]     Checking wide v0.7.4
[INFO] [stderr]     Checking x11rb v0.9.0
[INFO] [stderr]     Checking simba v0.7.2
[INFO] [stderr]     Checking smallvec v1.9.0
[INFO] [stderr]     Checking hashbrown v0.12.3
[INFO] [stderr]     Checking glam v0.21.3
[INFO] [stderr]     Checking ron v0.7.1
[INFO] [stderr]     Checking tracing-subscriber v0.3.15
[INFO] [stderr]     Checking parking_lot_core v0.8.5
[INFO] [stderr]     Checking spade v2.0.0
[INFO] [stderr]     Checking gilrs-core v0.4.1
[INFO] [stderr]     Checking parking_lot v0.11.2
[INFO] [stderr]     Checking parking_lot v0.12.1
[INFO] [stderr]     Checking gilrs v0.9.0
[INFO] [stderr]     Checking bevy_utils v0.8.1
[INFO] [stderr]     Checking gpu-descriptor v0.2.3
[INFO] [stderr]     Checking epaint v0.18.1
[INFO] [stderr]     Checking arboard v2.1.1
[INFO] [stderr]     Checking gltf-json v1.0.0
[INFO] [stderr]     Checking petgraph v0.6.2
[INFO] [stderr]     Checking rodio v0.15.0
[INFO] [stderr]     Checking egui v0.18.1
[INFO] [stderr]     Checking bevy_reflect v0.8.1
[INFO] [stderr]     Checking bevy_math v0.8.1
[INFO] [stderr]     Checking hexasphere v7.2.0
[INFO] [stderr]     Checking bevy_mikktspace v0.8.1
[INFO] [stderr]     Checking encase v0.3.0
[INFO] [stderr]     Checking naga v0.9.0
[INFO] [stderr]     Checking gltf v1.0.0
[INFO] [stderr]     Checking nalgebra v0.31.1
[INFO] [stderr]     Checking bevy_ecs v0.8.1
[INFO] [stderr]     Checking wgpu-hal v0.13.2
[INFO] [stderr]     Checking bevy_app v0.8.1
[INFO] [stderr]     Checking bevy_log v0.8.1
[INFO] [stderr]     Checking bevy_time v0.8.1
[INFO] [stderr]     Checking bevy_input v0.8.1
[INFO] [stderr]     Checking bevy_hierarchy v0.8.1
[INFO] [stderr]     Checking bevy_core v0.8.1
[INFO] [stderr]     Checking bevy_transform v0.8.1
[INFO] [stderr]     Checking bevy_diagnostic v0.8.1
[INFO] [stderr]     Checking bevy_window v0.8.1
[INFO] [stderr]     Checking bevy_gilrs v0.8.1
[INFO] [stderr]     Checking bevy_asset v0.8.1
[INFO] [stderr]     Checking bevy_winit v0.8.1
[INFO] [stderr]     Checking parry2d v0.9.0
[INFO] [stderr]     Checking bevy_animation v0.8.1
[INFO] [stderr]     Checking bevy_audio v0.8.1
[INFO] [stderr]     Checking rapier2d v0.14.0
[INFO] [stderr]     Checking wgpu v0.13.1
[INFO] [stderr]     Checking bevy_render v0.8.1
[INFO] [stderr]     Checking bevy_core_pipeline v0.8.1
[INFO] [stderr]     Checking bevy_scene v0.8.1
[INFO] [stderr]     Checking bevy_sprite v0.8.1
[INFO] [stderr]     Checking bevy_pbr v0.8.1
[INFO] [stderr]     Checking bevy_gltf v0.8.1
[INFO] [stderr]     Checking bevy_text v0.8.1
[INFO] [stderr]     Checking bevy_ui v0.8.1
[INFO] [stderr]     Checking bevy_internal v0.8.1
[INFO] [stderr]     Checking bevy v0.8.1
[INFO] [stderr]     Checking bevy_egui v0.15.1
[INFO] [stderr]     Checking bevy_rapier2d v0.16.2
[INFO] [stderr]     Checking bevy-inspector-egui v0.12.1
[INFO] [stderr]     Checking snow_simulator v0.1.0 (/opt/rustwide/workdir)
[INFO] [stdout] error[E0432]: unresolved import `hik`
[INFO] [stdout]  --> src/main.rs:5:5
[INFO] [stdout]   |
[INFO] [stdout] 5 | use hik::*;
[INFO] [stdout]   |     ^^^ use of undeclared crate or module `hik`
[INFO] [stdout] 
[INFO] [stdout] 
[INFO] [stdout] error[E0432]: unresolved import `hik`
[INFO] [stdout]  --> src/main.rs:5:5
[INFO] [stdout]   |
[INFO] [stdout] 5 | use hik::*;
[INFO] [stdout]   |     ^^^ use of undeclared crate or module `hik`
[INFO] [stdout] 
[INFO] [stdout] 
[INFO] [stdout] error[E0432]: unresolved import `hik`
[INFO] [stdout]  --> src/camera.rs:2:5
[INFO] [stdout]   |
[INFO] [stdout] 2 | use hik::*;
[INFO] [stdout]   |     ^^^ use of undeclared crate or module `hik`
[INFO] [stdout] 
[INFO] [stdout] 
[INFO] [stdout] error[E0432]: unresolved import `hik`
[INFO] [stdout]  --> src/camera.rs:2:5
[INFO] [stdout]   |
[INFO] [stdout] 2 | use hik::*;
[INFO] [stdout]   |     ^^^ use of undeclared crate or module `hik`
[INFO] [stdout] 
[INFO] [stdout] 
[INFO] [stdout] error[E0432]: unresolved import `hik`
[INFO] [stdout]  --> src/debug.rs:4:5
[INFO] [stdout]   |
[INFO] [stdout] 4 | use hik::*;
[INFO] [stdout]   |     ^^^ use of undeclared crate or module `hik`
[INFO] [stdout] 
[INFO] [stdout] 
[INFO] [stdout] error[E0432]: unresolved import `hik`
[INFO] [stdout]  --> src/debug.rs:4:5
[INFO] [stdout]   |
[INFO] [stdout] 4 | use hik::*;
[INFO] [stdout]   |     ^^^ use of undeclared crate or module `hik`
[INFO] [stdout] 
[INFO] [stdout] 
[INFO] [stdout] error[E0432]: unresolved import `hik`
[INFO] [stdout]  --> src/ground.rs:3:5
[INFO] [stdout]   |
[INFO] [stdout] 3 | use hik::*;
[INFO] [stdout]   |     ^^^ use of undeclared crate or module `hik`
[INFO] [stdout] 
[INFO] [stdout] 
[INFO] [stdout] error[E0432]: unresolved import `hik`
[INFO] [stdout]  --> src/ground.rs:3:5
[INFO] [stdout]   |
[INFO] [stdout] 3 | use hik::*;
[INFO] [stdout]   |     ^^^ use of undeclared crate or module `hik`
[INFO] [stdout] 
[INFO] [stdout] 
[INFO] [stdout] error[E0432]: unresolved import `hik`
[INFO] [stdout]  --> src/snow.rs:3:5
[INFO] [stdout]   |
[INFO] [stdout] 3 | use hik::*;
[INFO] [stdout]   |     ^^^ use of undeclared crate or module `hik`
[INFO] [stdout] 
[INFO] [stdout] 
[INFO] [stdout] error[E0432]: unresolved import `hik`
[INFO] [stdout]  --> src/snow.rs:3:5
[INFO] [stdout]   |
[INFO] [stdout] 3 | use hik::*;
[INFO] [stdout]   |     ^^^ use of undeclared crate or module `hik`
[INFO] [stdout] 
[INFO] [stdout] 
[INFO] [stdout] error[E0425]: cannot find value `Camera2DComponent` in this scope
[INFO] [stdout]   --> src/camera.rs:16:17
[INFO] [stdout]    |
[INFO] [stdout] 16 |         .insert(Camera2DComponent)
[INFO] [stdout]    |                 ^^^^^^^^^^^^^^^^^ not found in this scope
[INFO] [stdout]    |
[INFO] [stdout] help: consider importing this unit struct
[INFO] [stdout]    |
[INFO] [stdout] 1  + use snow_simulator::Camera2DComponent;
[INFO] [stdout]    |
[INFO] [stdout] 
[INFO] [stdout] 
[INFO] [stdout] error[E0412]: cannot find type `Snow` in this scope
[INFO] [stdout]   --> src/debug.rs:12:41
[INFO] [stdout]    |
[INFO] [stdout] 12 |                 .register_inspectable::<Snow>()
[INFO] [stdout]    |                                         ^^^^ not found in this scope
[INFO] [stdout]    |
[INFO] [stdout] help: consider importing this struct
[INFO] [stdout]    |
[INFO] [stdout] 1  + use snow_simulator::Snow;
[INFO] [stdout]    |
[INFO] [stdout] 
[INFO] [stdout] 
[INFO] [stdout] error[E0425]: cannot find value `WIN_WIDTH` in this scope
[INFO] [stdout]   --> src/ground.rs:20:34
[INFO] [stdout]    |
[INFO] [stdout] 20 |         .insert(Collider::cuboid(WIN_WIDTH, 10.0))
[INFO] [stdout]    |                                  ^^^^^^^^^ not found in this scope
[INFO] [stdout]    |
[INFO] [stdout] help: consider importing this constant
[INFO] [stdout]    |
[INFO] [stdout] 1  + use snow_simulator::WIN_WIDTH;
[INFO] [stdout]    |
[INFO] [stdout] 
[INFO] [stdout] 
[INFO] [stdout] error[E0412]: cannot find type `SnowMeshes` in this scope
[INFO] [stdout]   --> src/snow.rs:18:29
[INFO] [stdout]    |
[INFO] [stdout] 18 |     mut snow_meshes: ResMut<SnowMeshes>,
[INFO] [stdout]    |                             ^^^^^^^^^^ not found in this scope
[INFO] [stdout]    |
[INFO] [stdout] help: consider importing this struct
[INFO] [stdout]    |
[INFO] [stdout] 1  + use snow_simulator::SnowMeshes;
[INFO] [stdout]    |
[INFO] [stdout] 
[INFO] [stdout] 
[INFO] [stdout] error[E0425]: cannot find value `WIN_WIDTH` in this scope
[INFO] [stdout]   --> src/snow.rs:32:40
[INFO] [stdout]    |
[INFO] [stdout] 32 |                     event.position.x - WIN_WIDTH / 2.0,
[INFO] [stdout]    |                                        ^^^^^^^^^ not found in this scope
[INFO] [stdout]    |
[INFO] [stdout] help: consider importing this constant
[INFO] [stdout]    |
[INFO] [stdout] 1  + use snow_simulator::WIN_WIDTH;
[INFO] [stdout]    |
[INFO] [stdout] 
[INFO] [stdout] 
[INFO] [stdout] error[E0425]: cannot find value `WIN_HEIGHT` in this scope
[INFO] [stdout]   --> src/snow.rs:33:40
[INFO] [stdout]    |
[INFO] [stdout] 33 |                     event.position.y - WIN_HEIGHT / 2.0,
[INFO] [stdout]    |                                        ^^^^^^^^^^ not found in this scope
[INFO] [stdout]    |
[INFO] [stdout] help: consider importing this constant
[INFO] [stdout]    |
[INFO] [stdout] 1  + use snow_simulator::WIN_HEIGHT;
[INFO] [stdout]    |
[INFO] [stdout] 
[INFO] [stdout] 
[INFO] [stdout] error[E0425]: cannot find value `Snow` in this scope
[INFO] [stdout]   --> src/snow.rs:38:21
[INFO] [stdout]    |
[INFO] [stdout] 38 |             .insert(Snow)
[INFO] [stdout]    |                     ^^^^ not found in this scope
[INFO] [stdout]    |
[INFO] [stdout] help: consider importing this unit struct
[INFO] [stdout]    |
[INFO] [stdout] 1  + use snow_simulator::Snow;
[INFO] [stdout]    |
[INFO] [stdout] 
[INFO] [stdout] 
[INFO] [stdout] error[E0412]: cannot find type `Snow` in this scope
[INFO] [stdout]   --> src/snow.rs:51:31
[INFO] [stdout]    |
[INFO] [stdout] 51 |     query: Query<Entity, With<Snow>>,
[INFO] [stdout]    |                               ^^^^ not found in this scope
[INFO] [stdout]    |
[INFO] [stdout] help: consider importing this struct
[INFO] [stdout]    |
[INFO] [stdout] 1  + use snow_simulator::Snow;
[INFO] [stdout]    |
[INFO] [stdout] 
[INFO] [stdout] 
[INFO] [stdout] error[E0412]: cannot find type `SnowMeshes` in this scope
[INFO] [stdout]   --> src/snow.rs:52:29
[INFO] [stdout]    |
[INFO] [stdout] 52 |     mut snow_meshes: ResMut<SnowMeshes>,
[INFO] [stdout]    |                             ^^^^^^^^^^ not found in this scope
[INFO] [stdout]    |
[INFO] [stdout] help: consider importing this struct
[INFO] [stdout]    |
[INFO] [stdout] 1  + use snow_simulator::SnowMeshes;
[INFO] [stdout]    |
[INFO] [stdout] 
[INFO] [stdout] 
[INFO] [stdout] error[E0425]: cannot find value `WIN_WIDTH` in this scope
[INFO] [stdout]   --> src/main.rs:17:20
[INFO] [stdout]    |
[INFO] [stdout] 17 |             width: WIN_WIDTH,
[INFO] [stdout]    |                    ^^^^^^^^^ not found in this scope
[INFO] [stdout]    |
[INFO] [stdout] help: consider importing this constant
[INFO] [stdout]    |
[INFO] [stdout] 1  + use snow_simulator::WIN_WIDTH;
[INFO] [stdout]    |
[INFO] [stdout] 
[INFO] [stdout] 
[INFO] [stdout] error[E0425]: cannot find value `WIN_HEIGHT` in this scope
[INFO] [stdout]   --> src/main.rs:18:21
[INFO] [stdout]    |
[INFO] [stdout] 18 |             height: WIN_HEIGHT,
[INFO] [stdout]    |                     ^^^^^^^^^^ not found in this scope
[INFO] [stdout]    |
[INFO] [stdout] help: consider importing this constant
[INFO] [stdout]    |
[INFO] [stdout] 1  + use snow_simulator::WIN_HEIGHT;
[INFO] [stdout]    |
[INFO] [stdout] 
[INFO] [stdout] 
[INFO] [stdout] error[E0422]: cannot find struct, variant or union type `SnowMeshes` in this scope
[INFO] [stdout]   --> src/main.rs:24:26
[INFO] [stdout]    |
[INFO] [stdout] 24 |         .insert_resource(SnowMeshes {
[INFO] [stdout]    |                          ^^^^^^^^^^ not found in this scope
[INFO] [stdout]    |
[INFO] [stdout] help: consider importing this struct
[INFO] [stdout]    |
[INFO] [stdout] 1  + use snow_simulator::SnowMeshes;
[INFO] [stdout]    |
[INFO] [stdout] 
[INFO] [stdout] 
[INFO] [stdout] error[E0425]: cannot find value `Camera2DComponent` in this scope
[INFO] [stdout]   --> src/camera.rs:16:17
[INFO] [stdout]    |
[INFO] [stdout] 16 |         .insert(Camera2DComponent)
[INFO] [stdout]    |                 ^^^^^^^^^^^^^^^^^ not found in this scope
[INFO] [stdout]    |
[INFO] [stdout] help: consider importing this unit struct
[INFO] [stdout]    |
[INFO] [stdout] 1  + use snow_simulator::Camera2DComponent;
[INFO] [stdout]    |
[INFO] [stdout] 
[INFO] [stdout] 
[INFO] [stdout] error[E0412]: cannot find type `Snow` in this scope
[INFO] [stdout]   --> src/debug.rs:12:41
[INFO] [stdout]    |
[INFO] [stdout] 12 |                 .register_inspectable::<Snow>()
[INFO] [stdout]    |                                         ^^^^ not found in this scope
[INFO] [stdout]    |
[INFO] [stdout] help: consider importing this struct
[INFO] [stdout]    |
[INFO] [stdout] 1  + use snow_simulator::Snow;
[INFO] [stdout]    |
[INFO] [stdout] 
[INFO] [stdout] 
[INFO] [stdout] error[E0425]: cannot find value `WIN_WIDTH` in this scope
[INFO] [stdout]   --> src/ground.rs:20:34
[INFO] [stdout]    |
[INFO] [stdout] 20 |         .insert(Collider::cuboid(WIN_WIDTH, 10.0))
[INFO] [stdout]    |                                  ^^^^^^^^^ not found in this scope
[INFO] [stdout]    |
[INFO] [stdout] help: consider importing this constant
[INFO] [stdout]    |
[INFO] [stdout] 1  + use snow_simulator::WIN_WIDTH;
[INFO] [stdout]    |
[INFO] [stdout] 
[INFO] [stdout] 
[INFO] [stdout] error[E0412]: cannot find type `SnowMeshes` in this scope
[INFO] [stdout]   --> src/snow.rs:18:29
[INFO] [stdout]    |
[INFO] [stdout] 18 |     mut snow_meshes: ResMut<SnowMeshes>,
[INFO] [stdout]    |                             ^^^^^^^^^^ not found in this scope
[INFO] [stdout]    |
[INFO] [stdout] help: consider importing this struct
[INFO] [stdout]    |
[INFO] [stdout] 1  + use snow_simulator::SnowMeshes;
[INFO] [stdout]    |
[INFO] [stdout] 
[INFO] [stdout] 
[INFO] [stdout] error[E0425]: cannot find value `WIN_WIDTH` in this scope
[INFO] [stdout]   --> src/snow.rs:32:40
[INFO] [stdout]    |
[INFO] [stdout] 32 |                     event.position.x - WIN_WIDTH / 2.0,
[INFO] [stdout]    |                                        ^^^^^^^^^ not found in this scope
[INFO] [stdout]    |
[INFO] [stdout] help: consider importing this constant
[INFO] [stdout]    |
[INFO] [stdout] 1  + use snow_simulator::WIN_WIDTH;
[INFO] [stdout]    |
[INFO] [stdout] 
[INFO] [stdout] 
[INFO] [stdout] error[E0425]: cannot find value `WIN_HEIGHT` in this scope
[INFO] [stdout]   --> src/snow.rs:33:40
[INFO] [stdout]    |
[INFO] [stdout] 33 |                     event.position.y - WIN_HEIGHT / 2.0,
[INFO] [stdout]    |                                        ^^^^^^^^^^ not found in this scope
[INFO] [stdout]    |
[INFO] [stdout] help: consider importing this constant
[INFO] [stdout]    |
[INFO] [stdout] 1  + use snow_simulator::WIN_HEIGHT;
[INFO] [stdout]    |
[INFO] [stdout] 
[INFO] [stdout] 
[INFO] [stdout] error[E0425]: cannot find value `Snow` in this scope
[INFO] [stdout]   --> src/snow.rs:38:21
[INFO] [stdout]    |
[INFO] [stdout] 38 |             .insert(Snow)
[INFO] [stdout]    |                     ^^^^ not found in this scope
[INFO] [stdout]    |
[INFO] [stdout] help: consider importing this unit struct
[INFO] [stdout]    |
[INFO] [stdout] 1  + use snow_simulator::Snow;
[INFO] [stdout]    |
[INFO] [stdout] 
[INFO] [stdout] 
[INFO] [stdout] error[E0412]: cannot find type `Snow` in this scope
[INFO] [stdout]   --> src/snow.rs:51:31
[INFO] [stdout]    |
[INFO] [stdout] 51 |     query: Query<Entity, With<Snow>>,
[INFO] [stdout]    |                               ^^^^ not found in this scope
[INFO] [stdout]    |
[INFO] [stdout] help: consider importing this struct
[INFO] [stdout]    |
[INFO] [stdout] 1  + use snow_simulator::Snow;
[INFO] [stdout]    |
[INFO] [stdout] 
[INFO] [stdout] 
[INFO] [stdout] error[E0412]: cannot find type `SnowMeshes` in this scope
[INFO] [stdout]   --> src/snow.rs:52:29
[INFO] [stdout]    |
[INFO] [stdout] 52 |     mut snow_meshes: ResMut<SnowMeshes>,
[INFO] [stdout]    |                             ^^^^^^^^^^ not found in this scope
[INFO] [stdout]    |
[INFO] [stdout] help: consider importing this struct
[INFO] [stdout]    |
[INFO] [stdout] 1  + use snow_simulator::SnowMeshes;
[INFO] [stdout]    |
[INFO] [stdout] 
[INFO] [stdout] 
[INFO] [stdout] error[E0425]: cannot find value `WIN_WIDTH` in this scope
[INFO] [stdout]   --> src/main.rs:17:20
[INFO] [stdout]    |
[INFO] [stdout] 17 |             width: WIN_WIDTH,
[INFO] [stdout]    |                    ^^^^^^^^^ not found in this scope
[INFO] [stdout]    |
[INFO] [stdout] help: consider importing this constant
[INFO] [stdout]    |
[INFO] [stdout] 1  + use snow_simulator::WIN_WIDTH;
[INFO] [stdout]    |
[INFO] [stdout] 
[INFO] [stdout] 
[INFO] [stdout] error[E0425]: cannot find value `WIN_HEIGHT` in this scope
[INFO] [stdout]   --> src/main.rs:18:21
[INFO] [stdout]    |
[INFO] [stdout] 18 |             height: WIN_HEIGHT,
[INFO] [stdout]    |                     ^^^^^^^^^^ not found in this scope
[INFO] [stdout]    |
[INFO] [stdout] help: consider importing this constant
[INFO] [stdout]    |
[INFO] [stdout] 1  + use snow_simulator::WIN_HEIGHT;
[INFO] [stdout]    |
[INFO] [stdout] 
[INFO] [stdout] 
[INFO] [stdout] error[E0422]: cannot find struct, variant or union type `SnowMeshes` in this scope
[INFO] [stdout]   --> src/main.rs:24:26
[INFO] [stdout]    |
[INFO] [stdout] 24 |         .insert_resource(SnowMeshes {
[INFO] [stdout]    |                          ^^^^^^^^^^ not found in this scope
[INFO] [stdout]    |
[INFO] [stdout] help: consider importing this struct
[INFO] [stdout]    |
[INFO] [stdout] 1  + use snow_simulator::SnowMeshes;
[INFO] [stdout]    |
[INFO] [stdout] 
[INFO] [stdout] 
[INFO] [stdout] error[E0277]: the trait bound `for<'a, 'b, 'c, 'd, 'e, 'f, 'g> fn(bevy::prelude::Commands<'a, 'b>, bevy::prelude::ResMut<'c, bevy::prelude::Assets<bevy::prelude::Mesh>>, bevy::prelude::ResMut<'d, bevy::prelude::Assets<bevy::prelude::ColorMaterial>>, bevy::prelude::ResMut<'e, {type error}>, bevy::prelude::EventReader<'f, 'g, bevy::prelude::CursorMoved>) {spawn_snow_system}: IntoSystem<(), (), _>` is not satisfied
[INFO] [stdout]    --> src/snow.rs:9:24
[INFO] [stdout]     |
[INFO] [stdout] 9   |         app.add_system(spawn_snow_system)
[INFO] [stdout]     |             ---------- ^^^^^^^^^^^^^^^^^ the trait `IntoSystem<(), (), _>` is not implemented for fn item `for<'a, 'b, 'c, 'd, 'e, 'f, 'g> fn(bevy::prelude::Commands<'a, 'b>, bevy::prelude::ResMut<'c, bevy::prelude::Assets<bevy::prelude::Mesh>>, bevy::prelude::ResMut<'d, bevy::prelude::Assets<bevy::prelude::ColorMaterial>>, bevy::prelude::ResMut<'e, {type error}>, bevy::prelude::EventReader<'f, 'g, bevy::prelude::CursorMoved>) {spawn_snow_system}`
[INFO] [stdout]     |             |
[INFO] [stdout]     |             required by a bound introduced by this call
[INFO] [stdout]     |
[INFO] [stdout]     = help: the following other types implement trait `IntoSystemDescriptor<Params>`:
[INFO] [stdout]               ExclusiveSystemCoerced
[INFO] [stdout]               ExclusiveSystemDescriptor
[INFO] [stdout]               ExclusiveSystemFn<F>
[INFO] [stdout]               ParallelSystemDescriptor
[INFO] [stdout]               SystemDescriptor
[INFO] [stdout]               std::boxed::Box<(dyn bevy::prelude::System<In = (), Out = ()> + 'static)>
[INFO] [stdout]     = note: required for `fn(Commands<'a, 'b>, ResMut<'c, Assets<Mesh>>, ResMut<'d, Assets<...>>, ..., ...) {spawn_snow_system}` to implement `IntoSystemDescriptor<_>`
[INFO] [stdout]     = note: the full type name has been written to '/opt/rustwide/target/debug/deps/snow_simulator-dc35824573bca4e1.long-type-14490696614185317425.txt'
[INFO] [stdout] note: required by a bound in `bevy::prelude::App::add_system`
[INFO] [stdout]    --> /opt/rustwide/cargo-home/registry/src/index.crates.io-6f17d22bba15001f/bevy_app-0.8.1/src/app.rs:330:55
[INFO] [stdout]     |
[INFO] [stdout] 330 |     pub fn add_system<Params>(&mut self, system: impl IntoSystemDescriptor<Params>) -> &mut Self {
[INFO] [stdout]     |                                                       ^^^^^^^^^^^^^^^^^^^^^^^^^^^^ required by this bound in `App::add_system`
[INFO] [stdout] 
[INFO] [stdout] 
[INFO] [stdout] error[E0277]: the trait bound `for<'a, 'b, 'c, 'd, 'e, 'f, 'g> fn(bevy::prelude::Commands<'a, 'b>, bevy::prelude::ResMut<'c, bevy::prelude::Assets<bevy::prelude::Mesh>>, bevy::prelude::ResMut<'d, bevy::prelude::Assets<bevy::prelude::ColorMaterial>>, bevy::prelude::ResMut<'e, {type error}>, bevy::prelude::EventReader<'f, 'g, bevy::prelude::CursorMoved>) {spawn_snow_system}: IntoSystem<(), (), _>` is not satisfied
[INFO] [stdout]    --> src/snow.rs:9:24
[INFO] [stdout]     |
[INFO] [stdout] 9   |         app.add_system(spawn_snow_system)
[INFO] [stdout]     |             ---------- ^^^^^^^^^^^^^^^^^ the trait `IntoSystem<(), (), _>` is not implemented for fn item `for<'a, 'b, 'c, 'd, 'e, 'f, 'g> fn(bevy::prelude::Commands<'a, 'b>, bevy::prelude::ResMut<'c, bevy::prelude::Assets<bevy::prelude::Mesh>>, bevy::prelude::ResMut<'d, bevy::prelude::Assets<bevy::prelude::ColorMaterial>>, bevy::prelude::ResMut<'e, {type error}>, bevy::prelude::EventReader<'f, 'g, bevy::prelude::CursorMoved>) {spawn_snow_system}`
[INFO] [stdout]     |             |
[INFO] [stdout]     |             required by a bound introduced by this call
[INFO] [stdout]     |
[INFO] [stdout]     = help: the following other types implement trait `IntoSystemDescriptor<Params>`:
[INFO] [stdout]               ExclusiveSystemCoerced
[INFO] [stdout]               ExclusiveSystemDescriptor
[INFO] [stdout]               ExclusiveSystemFn<F>
[INFO] [stdout]               ParallelSystemDescriptor
[INFO] [stdout]               SystemDescriptor
[INFO] [stdout]               std::boxed::Box<(dyn bevy::prelude::System<In = (), Out = ()> + 'static)>
[INFO] [stdout]     = note: required for `fn(Commands<'a, 'b>, ResMut<'c, Assets<Mesh>>, ResMut<'d, Assets<...>>, ..., ...) {spawn_snow_system}` to implement `IntoSystemDescriptor<_>`
[INFO] [stdout]     = note: the full type name has been written to '/opt/rustwide/target/debug/deps/snow_simulator-3be7c6eab9ed836b.long-type-9954067111293609250.txt'
[INFO] [stdout] note: required by a bound in `bevy::prelude::App::add_system`
[INFO] [stdout]    --> /opt/rustwide/cargo-home/registry/src/index.crates.io-6f17d22bba15001f/bevy_app-0.8.1/src/app.rs:330:55
[INFO] [stdout]     |
[INFO] [stdout] 330 |     pub fn add_system<Params>(&mut self, system: impl IntoSystemDescriptor<Params>) -> &mut Self {
[INFO] [stdout]     |                                                       ^^^^^^^^^^^^^^^^^^^^^^^^^^^^ required by this bound in `App::add_system`
[INFO] [stdout] 
[INFO] [stdout] 
[INFO] [stdout] error[E0277]: the trait bound `for<'a, 'b, 'c, 'd, 'e, 'f> fn(bevy::prelude::Commands<'a, 'b>, bevy::prelude::Query<'c, 'd, bevy::prelude::Entity, bevy::prelude::With<{type error}>>, bevy::prelude::ResMut<'e, {type error}>, bevy::prelude::Res<'f, bevy::prelude::Time>) {despawn_snow_system}: IntoSystem<(), (), _>` is not satisfied
[INFO] [stdout]    --> src/snow.rs:10:25
[INFO] [stdout]     |
[INFO] [stdout] 10  |             .add_system(despawn_snow_system);
[INFO] [stdout]     |              ---------- ^^^^^^^^^^^^^^^^^^^ the trait `IntoSystem<(), (), _>` is not implemented for fn item `for<'a, 'b, 'c, 'd, 'e, 'f> fn(bevy::prelude::Commands<'a, 'b>, bevy::prelude::Query<'c, 'd, bevy::prelude::Entity, bevy::prelude::With<{type error}>>, bevy::prelude::ResMut<'e, {type error}>, bevy::prelude::Res<'f, bevy::prelude::Time>) {despawn_snow_system}`
[INFO] [stdout]     |              |
[INFO] [stdout]     |              required by a bound introduced by this call
[INFO] [stdout]     |
[INFO] [stdout]     = help: the following other types implement trait `IntoSystemDescriptor<Params>`:
[INFO] [stdout]               ExclusiveSystemCoerced
[INFO] [stdout]               ExclusiveSystemDescriptor
[INFO] [stdout]               ExclusiveSystemFn<F>
[INFO] [stdout]               ParallelSystemDescriptor
[INFO] [stdout]               SystemDescriptor
[INFO] [stdout]               std::boxed::Box<(dyn bevy::prelude::System<In = (), Out = ()> + 'static)>
[INFO] [stdout]     = note: required for `fn(Commands<'a, 'b>, Query<'c, 'd, Entity, With<{type error}>>, ResMut<'e, ...>, ...) {despawn_snow_system}` to implement `IntoSystemDescriptor<_>`
[INFO] [stdout]     = note: the full type name has been written to '/opt/rustwide/target/debug/deps/snow_simulator-dc35824573bca4e1.long-type-7976336545967904584.txt'
[INFO] [stdout] note: required by a bound in `bevy::prelude::App::add_system`
[INFO] [stdout]    --> /opt/rustwide/cargo-home/registry/src/index.crates.io-6f17d22bba15001f/bevy_app-0.8.1/src/app.rs:330:55
[INFO] [stdout]     |
[INFO] [stdout] 330 |     pub fn add_system<Params>(&mut self, system: impl IntoSystemDescriptor<Params>) -> &mut Self {
[INFO] [stdout]     |                                                       ^^^^^^^^^^^^^^^^^^^^^^^^^^^^ required by this bound in `App::add_system`
[INFO] [stdout] 
[INFO] [stdout] 
[INFO] [stdout] error[E0277]: the trait bound `for<'a, 'b, 'c, 'd, 'e, 'f> fn(bevy::prelude::Commands<'a, 'b>, bevy::prelude::Query<'c, 'd, bevy::prelude::Entity, bevy::prelude::With<{type error}>>, bevy::prelude::ResMut<'e, {type error}>, bevy::prelude::Res<'f, bevy::prelude::Time>) {despawn_snow_system}: IntoSystem<(), (), _>` is not satisfied
[INFO] [stdout]    --> src/snow.rs:10:25
[INFO] [stdout]     |
[INFO] [stdout] 10  |             .add_system(despawn_snow_system);
[INFO] [stdout]     |              ---------- ^^^^^^^^^^^^^^^^^^^ the trait `IntoSystem<(), (), _>` is not implemented for fn item `for<'a, 'b, 'c, 'd, 'e, 'f> fn(bevy::prelude::Commands<'a, 'b>, bevy::prelude::Query<'c, 'd, bevy::prelude::Entity, bevy::prelude::With<{type error}>>, bevy::prelude::ResMut<'e, {type error}>, bevy::prelude::Res<'f, bevy::prelude::Time>) {despawn_snow_system}`
[INFO] [stdout]     |              |
[INFO] [stdout]     |              required by a bound introduced by this call
[INFO] [stdout]     |
[INFO] [stdout]     = help: the following other types implement trait `IntoSystemDescriptor<Params>`:
[INFO] [stdout]               ExclusiveSystemCoerced
[INFO] [stdout]               ExclusiveSystemDescriptor
[INFO] [stdout]               ExclusiveSystemFn<F>
[INFO] [stdout]               ParallelSystemDescriptor
[INFO] [stdout]               SystemDescriptor
[INFO] [stdout]               std::boxed::Box<(dyn bevy::prelude::System<In = (), Out = ()> + 'static)>
[INFO] [stdout]     = note: required for `fn(Commands<'a, 'b>, Query<'c, 'd, Entity, With<{type error}>>, ResMut<'e, ...>, ...) {despawn_snow_system}` to implement `IntoSystemDescriptor<_>`
[INFO] [stdout]     = note: the full type name has been written to '/opt/rustwide/target/debug/deps/snow_simulator-3be7c6eab9ed836b.long-type-5534936597544671710.txt'
[INFO] [stdout] note: required by a bound in `bevy::prelude::App::add_system`
[INFO] [stdout]    --> /opt/rustwide/cargo-home/registry/src/index.crates.io-6f17d22bba15001f/bevy_app-0.8.1/src/app.rs:330:55
[INFO] [stdout]     |
[INFO] [stdout] 330 |     pub fn add_system<Params>(&mut self, system: impl IntoSystemDescriptor<Params>) -> &mut Self {
[INFO] [stdout]     |                                                       ^^^^^^^^^^^^^^^^^^^^^^^^^^^^ required by this bound in `App::add_system`
[INFO] [stdout] 
[INFO] [stdout] 
[INFO] [stdout] error: aborting due to 19 previous errors
[INFO] [stdout] 
[INFO] [stdout] 
[INFO] [stdout] error: aborting due to 19 previous errors
[INFO] [stdout] 
[INFO] [stdout] 
[INFO] [stdout] Some errors have detailed explanations: E0277, E0412, E0422, E0425, E0432.
[INFO] [stdout] 
[INFO] [stdout] Some errors have detailed explanations: E0277, E0412, E0422, E0425, E0432.
[INFO] [stdout] 
[INFO] [stdout] For more information about an error, try `rustc --explain E0277`.
[INFO] [stdout] 
[INFO] [stdout] For more information about an error, try `rustc --explain E0277`.
[INFO] [stdout] 
[INFO] [stderr] error: could not compile `snow_simulator` (bin "snow_simulator") due to 20 previous errors
[INFO] [stderr] warning: build failed, waiting for other jobs to finish...
[INFO] [stderr] error: could not compile `snow_simulator` (bin "snow_simulator" test) due to 20 previous errors
[INFO] running `Command { std: "docker" "inspect" "b3fca224de6bd411247635c3bbf64f7262f310b246be2064c6a7ff69bc992172", kill_on_drop: false }`
[INFO] running `Command { std: "docker" "rm" "-f" "b3fca224de6bd411247635c3bbf64f7262f310b246be2064c6a7ff69bc992172", kill_on_drop: false }`
[INFO] [stdout] b3fca224de6bd411247635c3bbf64f7262f310b246be2064c6a7ff69bc992172
